i - 13. Let m(p) = -5*p**2 + 5*p + 7. Let q(h) = -6*l(h) - 11*m(h). Suppose 25 = -1036*o + 1031*o. What is the units digit of q(o)?
1
Suppose 2*f = 0, 0 = g + g + 2*f - 8. Suppose g*c - 262 = 5*t - 21, -3*t - 62 = -c. What is the units digit of c?
9
Let b = -24 + 24. Suppose -s + 55 = -b*g + 2*g, -2*g - 5*s + 75 = 0. What is the tens digit of g?
2
Let c = 8 + -6. Suppose 2*x - c = -6. What is the tens digit of (6/15)/(x/(-110))?
2
Suppose -4*n - 2*c + 5*c + 103 = 0, -n + 31 = c. Let a be n/35*(-30)/(-3). What is the tens digit of ((-14)/a)/(1/(-28))?
4
What is the units digit of (-1)/(1358/454 - 3)*2?
7
Let v(i) = -i - 15. Let t be v(-7). Let z = 33 - t. Suppose -z = -h - 1. What is the tens digit of h?
4
Let x(w) = 2*w**2 + 4*w + 4. Let q be x(-6). Suppose -3*s = -2*s - q. Let z = s - 16. What is the units digit of z?
6
What is the tens digit of ((-3)/18*-434)/(5/15)?
1
Suppose 5*h = 7*h - 56. Suppose 0 = h*l - 32*l + 68. What is the units digit of l?
7
Suppose -4 - 28 = -4*f. Let z(d) = 0*d**2 + f*d - d**2 - 1 + 2. What is the units digit of z(8)?
1
Suppose -4*x + 5*j + 17 = 0, -4*x + 2 = -3*j + j. What is the tens digit of 26/x*(1 + -6)?
6
Let k(r) be the second derivative of -r**3/3 - 2*r**2 + r. Let a be k(-4). Suppose -2*n = 3*h - 13, h - a*n = -0*n + 23. What is the units digit of h?
7
Suppose -2501 = -15*t + 2329. What is the hundreds digit of t?
3
Suppose 5*a - 3*z = 10701, 28*z - 6415 = -3*a + 27*z. What is the hundreds digit of a?
1
Suppose -f = -9 - 3. Let g = -8 + f. Suppose -2*h = -3*u - 34, -2*u - 4 - g = 0. What is the tens digit of h?
1
What is the units digit of (-1 - (-3760)/4) + 5/(-5)?
8
What is the thousands digit of (((-388)/6)/2)/((-32)/1152)?
1
Suppose 48*w + 20 = 52*w. Suppose 4*y - 3*j = 696 + 81, 954 = w*y + 2*j. What is the tens digit of y?
9
Let s be 1 + 0/(-2) + 1. Let n(p) = p**2 - 13*p. Let x be n(12). What is the units digit of 39/s + (-6)/x?
0
Suppose 5*x - 9*x + 5671 = 5*i, -1417 = -x - 2*i. What is the hundreds digit of x?
4
Let w(l) = 13*l - 11. Let j(u) = -u**2 + 5*u + 12. Let h be j(6). What is the tens digit of w(h)?
6
Let u be (-3)/3 - -2 - 0. Suppose -3*b = -5*l + 32, b = 3*l - 15 - u. Suppose 0 = -l*m + 20, -3*m + 10 = x - 26. What is the units digit of x?
1
What is the tens digit of ((-4504)/(-10))/(126/315)?
2
Let t(w) = -w + 6. Let k be t(6). Suppose -7*g + 109 = -143. Suppose k*q + q = g. What is the tens digit of q?
3
Suppose 0 = 4*x + 2*r + 2*r - 32, -4*x - 2*r = -28. What is the units digit of 76/x*15/10?
9
Let x(q) = q**3 + 20*q**2 - 40*q - 15. What is the thousands digit of x(8)?
1
Let u = 684 + -556. What is the hundreds digit of u?
1
Suppose 7*l = 3*l + 5*b + 4830, 0 = 5*l - b - 6027. What is the units digit of l?
5
Let a be 212*((-12)/(-16) + 0). Let i = a - 91. What is the tens digit of i?
6
Suppose 0 = -p + 15*p - 756. What is the tens digit of p?
5
Suppose 5*o + 2*a = 45, a = o + 2*a - 12. Suppose -j - o = -3*y - 0, -2*y = j + 2. What is the units digit of y?
1
Let l(q) = -q**3 + 14*q**2 + q - 13. Let c be l(14). What is the units digit of (-4 + 4 - -1)*29*c?
9
What is the tens digit of 37/(-5)*(-24 - (6 + -20))?
7
Suppose 528 = 4*r - 4*f - 124, -2*r + 330 = 2*f. Let s = 40 + r. What is the tens digit of s?
0
What is the tens digit of (-19)/((-95)/(-20)) - (-2289 - 0)?
8
Suppose q - 3*s = 0, -4*s - 1 - 15 = -4*q. Suppose 0 = -3*a - 2*f + 52, 2*a = q*a + f - 71. What is the units digit of a?
8
Suppose 0 = 5*x + 5*n - 5, 4*x - 2*n - 10 = -0*x. Let k = 62 - x. Suppose 3*a + 3*q - k = 0, -5*q - 5 = -25. What is the units digit of a?
6
Suppose -20*j - 11004 + 32584 = 0. What is the thousands digit of j?
1
What is the hundreds digit of ((-12)/(-9))/(3016/603 - 5)?
8
Suppose -l + 25 = -6*l. Let b(y) = -2*y - 5. Let d be b(l). Suppose 5*g - d*k + 3*k = 68, -4 = -4*k. What is the tens digit of g?
1
Let x = 2921 + -1573. What is the units digit of x?
8
Suppose 16*w - 26898 = 7166. What is the hundreds digit of w?
1
Let a(q) = 23*q**2 + 52*q - 3. What is the hundreds digit of a(8)?
8
Suppose 10 = 5*h - 30. Let x = 13 - h. Suppose x*l = 5*b - 145, 5*l - l + 64 = 2*b. What is the units digit of b?
6
Let a be (2 - -5) + (0 - -1). Let n(f) = f**2 - 6*f + 3. Let c be n(a). Suppose 0 = 7*j - 6*j - c. What is the tens digit of j?
1
Let o(x) = 8*x**2 + 6*x - 21. What is the units digit of o(5)?
9
Suppose -4 = -6*k + 2. What is the units digit of ((-4)/(-12))/k*57*2?
8
Let z(y) = 3*y**2 + 11*y - 6. Let g be z(-6). What is the tens digit of 9/3 + g*(1 - -1)?
7
Let p = -20 + 39. Let t = 46 - p. Suppose 2*n - t = n. What is the units digit of n?
7
Let f(u) = 2*u**2 - 4*u - 7. Suppose -4*s + 104 = 5*c, 75 = -3*c + 7*c - 5*s. Suppose c = 2*i + 2*i. What is the units digit of f(i)?
3
Suppose 5*z - 10*z + 25 = 0. Suppose z*i = -0*i - 5*p + 140, -3*p - 48 = -i. What is the tens digit of i?
3
Suppose 0 = j - 154 - 798. What is the hundreds digit of j?
9
Suppose 2*w + 4*x = 756, 2*w + 5*x = 413 + 347. What is the tens digit of w?
7
What is the units digit of -7 + 1 + (690 - 1)?
3
Let o = 28 - 24. Suppose 4*k + o*p = 12, 0 = -3*k + 5*p - 5 + 22. What is the units digit of k?
4
Suppose 5*n - 1805 = 3*i + 18531, 5*n - 20342 = i. What is the units digit of n?
9
Let c(i) = 6*i**2 - 3*i + 3. Let j be c(1). What is the units digit of (j/(-9))/((-1)/3)?
2
Let h(t) = -4*t**2 - 2*t - 1. Let v be h(-2). Let k = v - -13. Suppose 4*l + k*l - 24 = 0. What is the units digit of l?
6
Suppose -22*r - 2520 = -28*r. What is the units digit of r?
0
Suppose -7*l = l - 88. What is the units digit of (l/((-22)/20))/(-1*1)?
0
Let p(k) = -3*k**2 - 5*k + 41. Let v be p(-4). Suppose 0 = 2*a + z - 36, -a + 0*a - z = -19. Suppose -12*m + v*m = a. What is the units digit of m?
7
Let j(k) = k**3 - 3*k**2. Let x be j(3). Suppose x = -g - g. Suppose g*p + p = 15. What is the units digit of p?
5
Let y be (-4 - 2)/3 + 240. Let v = y - -1. What is the units digit of v?
9
Let g = 4 - 16. Let x(y) = -36*y + 1. Let l be x(1). Let r = g - l. What is the tens digit of r?
2
What is the hundreds digit of (-2 - 2)/((-64)/96) + 1856?
8
Let i(m) = -709*m - 592. What is the tens digit of i(-7)?
7
Suppose 0 = 5*i - 5*w - 20, 5*i - w + 4*w - 4 = 0. Suppose -i*f + 83 = -f. Suppose 4*p = f - 7. What is the units digit of p?
9
Let l = 1436 + 2766. What is the units digit of l?
2
Suppose -4*o - d + 58 = 0, 2*o + 3*o - 5*d = 85. Suppose -s = -o - 6. What is the units digit of s?
1
Suppose -569 - 111 = -5*y. Suppose 3*m = y + 41. What is the tens digit of m?
5
Let r(v) = 2*v - 29. Let n be r(13). Let x = 30 + n. What is the units digit of x?
7
Let q(z) = 17*z**2 - 4 - z**3 - 17 - 5 + 22*z. What is the units digit of q(18)?
6
Suppose -3*x + 6 = -0. Suppose 40 = x*a - 0*a. What is the tens digit of -26*(-5)/(a/6)?
3
Suppose 4*n + 108 - 24 = 4*z, 4*n + 3*z = -49. What is the tens digit of (-9)/(-12) + 2*(-506)/n?
6
Let b be ((-2870)/(-15))/7*6. Let d = b + -92. What is the tens digit of d?
7
Suppose -3942 = -35*n + 8*n. What is the units digit of n?
6
Suppose -5*a + 178 = -127. Suppose 5*m = -5*g + 25, 2*g + 1 = -4*m + 15. Suppose -5*l = -0*h - 2*h + 74, -5*l + a = g*h. What is the tens digit of h?
2
Suppose 0 = -3*k - 3*n + 18, -3*n + 8 = -2*k + 4*k. Suppose k*c - 7*c + 21 = 0. What is the units digit of 0 - 1*(2 + c)?
5
Let f(m) = 5*m**2 + 2. Let g be f(3). Suppose 0 = -25*j - 17*j + 546. Let d = g - j. What is the units digit of d?
4
Let b be (6/4)/(6/(-136)). Let q = b - -48. What is the tens digit of (1 + -2)*-2*q?
2
Let i(r) = -311*r + 10. Let t be i(-1). Suppose p = -2*p - 2*v + t, 3*p - 300 = 5*v. What is the hundreds digit of p?
1
Let s = -1043 + 1803. What is the tens digit of s?
6
Let n(a) = -a - 6. Let i be n(-9). Suppose -4 + 0 = i*p + 5*m, m = 5*p - 40. Let h(g) = g**2 - g - 6. What is the units digit of h(p)?
6
Suppose -5*x = -2*x + 12. Let k = -12 - x. Let p = k - -17. What is the units digit of p?
9
Let o be (488/(-16))/((-2)/4). Suppose 4*u - 66 = 2*w, 4*u - w = -0*w + o. Let l = 26 - u. What is the units digit of l?
2
What is the thousands digit of ((-810)/4)/(3/(-42))?
2
Suppose -11 = 4*n + 37. Let i be (n/8)/((-3)/6). Let y(r) = 4*r**2 + 5*r - 3. What is the tens digit of y(i)?
4
Let x(t) = -t**2 + 11*t - 3. Let q be x(10). Suppose 3*l = 4*g + 2,